at is the remainder when 128642 is divided by 137?
136
Calculate the remainder when 20972 is divided by 48.
44
What is the remainder when 3794 is divided by 90?
14
What is the remainder when 13067 is divided by 363?
362
What is the remainder when 113644 is divided by 207?
1
What is the remainder when 974 is divided by 129?
71
What is the remainder when 36869 is divided by 29?
10
What is the remainder when 26314 is divided by 48?
10
What is the remainder when 22074 is divided by 5517?
6
What is the remainder when 26597 is divided by 62?
61
Calculate the remainder when 677 is divided by 546.
131
What is the remainder when 1855 is divided by 458?
23
Calculate the remainder when 51140 is divided by 478.
472
What is the remainder when 76115 is divided by 103?
101
Calculate the remainder when 126592 is divided by 13.
11
What is the remainder when 2412 is divided by 141?
15
Calculate the remainder when 10490 is divided by 806.
12
Calculate the remainder when 17147 is divided by 560.
347
Calculate the remainder when 5068 is divided by 790.
328
Calculate the remainder when 71972 is divided by 194.
192
What is the remainder when 81355 is divided by 24?
19
What is the remainder when 67704 is divided by 9671?
7
What is the remainder when 3141 is divided by 3047?
94
What is the remainder when 242 is divided by 203?
39
What is the remainder when 5433 is divided by 1018?
343
What is the remainder when 198040 is divided by 2572?
2568
What is the remainder when 257471 is divided by 51485?
46
Calculate the remainder when 14607 is divided by 266.
243
What is the remainder when 77497 is divided by 25?
22
Calculate the remainder when 6579 is divided by 386.
17
Calculate the remainder when 266443 is divided by 31.
29
What is the remainder when 208362 is divided by 479?
476
What is the remainder when 23177 is divided by 530?
387
Calculate the remainder when 30049 is divided by 381.
331
Calculate the remainder when 14387 is divided by 2412.
2327
Calculate the remainder when 8976 is divided by 327.
147
Calculate the remainder when 31436 is divided by 16.
12
Calculate the remainder when 29253 is divided by 1162.
203
Calculate the remainder when 2691 is divided by 396.
315
Calculate the remainder when 7587 is divided by 1787.
439
Calculate the remainder when 73435 is divided by 11.
10
What is the remainder when 2781204 is divided by 556239?
9
Calculate the remainder when 32284 is divided by 6.
4
Calculate the remainder when 59395 is divided by 825.
820
What is the remainder when 7799 is divided by 200?
199
What is the remainder when 20536 is divided by 64?
56
What is the remainder when 3884 is divided by 193?
24
Calculate the remainder when 214398 is divided by 105.
93
Calculate the remainder when 237 is divided by 235.
2
Calculate the remainder when 118409 is divided by 118394.
15
Calculate the remainder when 33588 is divided by 962.
880
What is the remainder when 1437816 is divided by 454?
452
Calculate the remainder when 607044 is divided by 41.
39
What is the remainder when 587 is divided by 211?
165
What is the remainder when 1194 is divided by 43?
33
What is the remainder when 49261 is divided by 34?
29
What is the remainder when 20523 is divided by 116?
107
Calculate the remainder when 466623 is divided by 368.
367
What is the remainder when 20652 is divided by 227?
222
Calculate the remainder when 17241 is divided by 394.
299
Calculate the remainder when 33764 is divided by 11251.
11
What is the remainder when 1439 is divided by 90?
89
What is the remainder when 44291 is divided by 889?
730
Calculate the remainder when 1012 is divided by 38.
24
Calculate the remainder when 10803 is divided by 47.
40
What is the remainder when 5878 is divided by 78?
28
Calculate the remainder when 4796 is divided by 803.
781
What is the remainder when 2606 is divided by 16?
14
What is the remainder when 576 is divided by 119?
100
Calculate the remainder when 28818 is divided by 29.
21
What is the remainder when 42010 is divided by 20997?
16
What is the remainder when 28830 is divided by 2619?
21
What is the remainder when 10966 is divided by 34?
18
Calculate the remainder when 562767 is divided by 132.
51
What is the remainder when 2782244 is divided by 12?
8
What is the remainder when 2294 is divided by 100?
94
What is the remainder when 1074 is divided by 131?
26
Calculate the remainder when 48656 is divided by 106.
2
What is the remainder when 1008 is divided by 414?
180
What is the remainder when 20831 is divided by 2681?
2064
What is the remainder when 117 is divided by 76?
41
What is the remainder when 18614 is divided by 26?
24
Calculate the remainder when 107248 is divided by 66.
64
Calculate the remainder when 115682 is divided by 16525.
7
Calculate the remainder when 22736 is divided by 746.
356
Calculate the remainder when 494048 is divided by 123504.
32
What is the remainder when 1085 is divided by 561?
524
Calculate the remainder when 6797 is divided by 564.
29
What is the remainder when 723 is divided by 115?
33
What is the remainder when 40758 is divided by 40?
38
What is the remainder when 28742 is divided by 4790?
2
What is the remainder when 13325 is divided by 1322?
105
What is the remainder when 255668 is divided by 536?
532
Calculate the remainder when 253131 is divided by 134.
5
What is the remainder when 228135 is divided by 935?
930
Calculate the remainder when 31270 is divided by 2233.
8
What is the remainder when 800149 is divided by 50?
49
Calculate the remainder when 2444 is divided by 439.
249
What is the remainder when 3358 is divided by 35?
33
Calculate the remainder when 1545268 is divided by 14.
4
Calculate the remainder when 4552 is divided by 2273.
6
What is the remainder when 28062 is divided by 562?
524
What is the remainder when 161818 is divided by 348?
346
What is the remainder when 12312 is divided by 70?
62
Calculate the remainder when 5562 is divided by 3.
0
What is the remainder when 7981 is divided by 12?
1
Calculate the remainder when 134553 is divided by 33624.
57
Calculate the remainder when 35480 is divided by 72.
56
What is the remainder when 18091 is divided by 25?
16
What is the remainder when 4146 is divided by 38?
4
Calculate the remainder when 17787 is divided by 16.
11
What is the remainder when 140946 is divided by 59?
54
What is the remainder when 1365 is divided by 18?
15
What is the remainder when 19639 is divided by 2879?
2365
What is the remainder when 12021 is divided by 85?
36
Calculate the remainder when 16128 is divided by 35.
28
What is the remainder when 5827 is divided by 530?
527
Calculate the remainder when 2806 is divided by 156.
154
Calculate the remainder when 313713 is divided by 156846.
21
What is the remainder when 1369049 is divided by 1294?
1291
What is the remainder when 11670 is divided by 485?
30
Calculate the remainder when 337412 is divided by 10884.
8
Calculate the remainder when 32587 is divided by 29.
20
Calculate the remainder when 20912 is divided by 129.
14
What is the remainder when 34890 is divided by 77?
9
What is the remainder when 131802 is divided by 435?
432
What is the remainder when 1104914 is divided by 1145?
1134
Calculate the remainder when 1484 is divided by 270.
134
What is the remainder when 1072 is divided by 71?
7
Calculate the remainder when 4852 is divided by 326.
288
What is the remainder when 23762 is divided by 28?
18
Calculate the remainder when 12818 is divided by 86.
4
Calculate the remainder when 26812 is divided by 39.
19
What is the remainder when 3153 is divided by 153?
93
What is the remainder when 415347 is divided by 590?
577
Calculate the remainder when 41811 is divided by 316.
99
What is the remainder when 950520 is divided by 190104?
0
Calculate the remainder when 27492 is divided by 48.
36
What is the remainder when 145873 is divided by 11221?
0
What is the remainder when 60421 is divided by 1405?
6
What is the remainder when 285657 is divided by 233?
232
What is the remainder when 1833175 is divided by 551?
549
What is the remainder when 1751336 is divided by 85?
81
What is the remainder when 4527 is divided by 4?
3
What is the remainder when 35151 is divided by 924?
39
What is the remainder when 10519 is divided by 161?
54
Calculate the remainder wh